{"id":263,"date":"2018-06-29T13:19:10","date_gmt":"2018-06-29T16:19:10","guid":{"rendered":"http:\/\/hnserver.com.br\/~nitprev\/cac\/?page_id=263"},"modified":"2026-02-26T17:26:29","modified_gmt":"2026-02-26T20:26:29","slug":"historico","status":"publish","type":"page","link":"https:\/\/niteroiprev.niteroi.rj.gov.br\/?page_id=263","title":{"rendered":"Hist\u00f3ria"},"content":{"rendered":"<div  class=\"fusion-fullwidth fullwidth-box nonhundred-percent-fullwidth\"  style='background-color: rgba(255,255,255,0);background-position: center center;background-repeat: no-repeat;padding-top:0px;padding-right:0px;padding-bottom:0px;padding-left:0px;'><div class=\"fusion-builder-row fusion-row \"><div id=\"justificar\" class=\"fusion-layout-column fusion_builder_column fusion_builder_column_1_1  fusion-one-full fusion-column-first fusion-column-last 1_1\"  style='margin-top:0px;margin-bottom:20px;'>\n\t\t\t\t\t<div class=\"fusion-column-wrapper\" style=\"background-position:left top;background-repeat:no-repeat;-webkit-background-size:cover;-moz-background-size:cover;-o-background-size:cover;background-size:cover;\"  data-bg-url=\"\">\n\t\t\t\t\t\t<div class=\"fusion-title title fusion-sep-none fusion-title-size-one\" style=\"margin-top:0px;margin-bottom:31px;\"><h1 class=\"title-heading-left\">Hist\u00f3ria<\/h1><\/div><p>A Niter\u00f3i Prev \u00e9 uma Autarquia gestora da Previd\u00eancia Social do Munic\u00edpio de Niter\u00f3i.<\/p>\n<p>Foi institu\u00edda em 1965 como IBASM &#8211; <em>Instituto de Benef\u00edcios e Assist\u00eancia aos Servidores Municipais<\/em> sendo, por isso, um dos mais antigos Institutos de Previd\u00eancia do Brasil.<\/p>\n<p>Naquela \u00e9poca o conceito de Previd\u00eancia Social estava relacionado \u00e0 pol\u00edtica p\u00fablica de assist\u00eancia social de natureza eminentemente assistencialista, com previs\u00e3o de presta\u00e7\u00e3o de aux\u00edlios de todas as naturezas, inclusive de servi\u00e7os.m\u00e9dicos.<\/p>\n<p>Com o decorrer do tempo, vieram as reformas constitucionais e a Previd\u00eancia Social deixa de ser assistencialista e ganha natureza contributiva\/retributiva.<\/p>\n<p>Em 2005, por interm\u00e9dio da Lei 2.288\/05, a Previd\u00eancia Social do Munic\u00edpio de Niter\u00f3i passa por uma reforma profunda, ganhando em definitivo a natureza contributiva\/retributiva, tirando da sua compet\u00eancia os pagamentos de aux\u00edlios de toda natureza, arcando t\u00e3o somente com os pagamentos de aposentadoria e pens\u00e3o.<\/p>\n<p>Atualmente contribuem para a Niter\u00f3i Prev os servidores, o Munic\u00edpio de Niter\u00f3i, por seus poderes Executivo, Legislativo e todas as Autarquias e Funda\u00e7\u00f5es Municipais. S\u00e3o os patrocinadores da Niter\u00f3i Prev. Todos contribuem e, ao final, por ocasi\u00e3o da aposentadoria ou falecimento do servidor, a Niter\u00f3i Prev retribui com o pagamento de proventos de aposentadoria ou pens\u00e3o por morte.<\/p>\n<p>Foram criados dois Fundos, promovendo a segrega\u00e7\u00e3o de massas de servidores. Assim temos o Fundo Financeiro, que responde pelos servidores ingressos na Administra\u00e7\u00e3o Municipal at\u00e9 31 de dezembro de 1997. E o Fundo Previdenci\u00e1rio, que responde pelos servidores ingressos na Administra\u00e7\u00e3o Municipal a partir 01 de janeiro de 1998.<\/p>\n<p>Assim, podemos observar que o Munic\u00edpio de Niter\u00f3i est\u00e1 sempre \u00e0 frente atualizando o seu RPPS, buscando o equil\u00edbrio atuarial e financeiro do seu Regime Previdenci\u00e1rio, para que possa promover no futuro o bem estar dos servidores municipais quando encerrarem suas atividades laborativas.<\/p>\n<div class=\"fusion-clearfix\"><\/div>\n\n\t\t\t\t\t<\/div>\n\t\t\t\t<\/div><\/div><\/div>\n","protected":false},"excerpt":{"rendered":"","protected":false},"author":1,"featured_media":0,"parent":0,"menu_order":0,"comment_status":"closed","ping_status":"closed","template":"","meta":{"_acf_changed":false,"footnotes":""},"class_list":["post-263","page","type-page","status-publish","hentry"],"acf":[],"_links":{"self":[{"href":"https:\/\/niteroiprev.niteroi.rj.gov.br\/index.php?rest_route=\/wp\/v2\/pages\/263","targetHints":{"allow":["GET"]}}],"collection":[{"href":"https:\/\/niteroiprev.niteroi.rj.gov.br\/index.php?rest_route=\/wp\/v2\/pages"}],"about":[{"href":"https:\/\/niteroiprev.niteroi.rj.gov.br\/index.php?rest_route=\/wp\/v2\/types\/page"}],"author":[{"embeddable":true,"href":"https:\/\/niteroiprev.niteroi.rj.gov.br\/index.php?rest_route=\/wp\/v2\/users\/1"}],"replies":[{"embeddable":true,"href":"https:\/\/niteroiprev.niteroi.rj.gov.br\/index.php?rest_route=%2Fwp%2Fv2%2Fcomments&post=263"}],"version-history":[{"count":12,"href":"https:\/\/niteroiprev.niteroi.rj.gov.br\/index.php?rest_route=\/wp\/v2\/pages\/263\/revisions"}],"predecessor-version":[{"id":7029,"href":"https:\/\/niteroiprev.niteroi.rj.gov.br\/index.php?rest_route=\/wp\/v2\/pages\/263\/revisions\/7029"}],"wp:attachment":[{"href":"https:\/\/niteroiprev.niteroi.rj.gov.br\/index.php?rest_route=%2Fwp%2Fv2%2Fmedia&parent=263"}],"curies":[{"name":"wp","href":"https:\/\/api.w.org\/{rel}","templated":true}]}}