{"id":442,"date":"2018-09-20T15:05:23","date_gmt":"2018-09-20T18:05:23","guid":{"rendered":"http:\/\/192.168.64.210\/?page_id=442"},"modified":"2026-04-29T17:46:15","modified_gmt":"2026-04-29T20:46:15","slug":"conselho-fiscal-2","status":"publish","type":"page","link":"https:\/\/niteroiprev.niteroi.rj.gov.br\/?page_id=442","title":{"rendered":"Conselho Fiscal"},"content":{"rendered":"<p><div  class=\"fusion-fullwidth fullwidth-box nonhundred-percent-fullwidth\"  style='background-color: rgba(255,255,255,0);background-position: center center;background-repeat: no-repeat;padding-top:0px;padding-right:0px;padding-bottom:0px;padding-left:0px;margin-top: 40px;'><\/div><div class=\"fusion-builder-row fusion-row \"><\/div><div  class=\"fusion-layout-column fusion_builder_column fusion_builder_column_1_1  fusion-one-full fusion-column-first fusion-column-last 1_1\"  style='margin-top:0px;margin-bottom:20px;'>\n\t\t\t\t\t<div class=\"fusion-column-wrapper\" style=\"background-position:left top;background-repeat:no-repeat;-webkit-background-size:cover;-moz-background-size:cover;-o-background-size:cover;background-size:cover;\"  data-bg-url=\"\">\n\t\t\t\t\t\t<div class=\"fusion-clearfix\"><\/div>\n\n\t\t\t\t\t<\/div>\n\t\t\t\t<\/div><div class=\"fusion-title title fusion-sep-none fusion-title-center fusion-title-size-one\" style=\"margin-top:0px;margin-bottom:31px;\"><h1 class=\"title-heading-center\"><\/h1><\/div><\/p>\n<h1 style=\"text-align: center;\"><strong>Conselho Fiscal<\/strong><\/h1>\n<h2 style=\"text-align: center;\"><strong>&#8220;<span data-olk-copy-source=\"MessageBody\">Bi\u00eanio 2026\/2027 \u2013 Portaria n\u00ba 4081\/2025<\/span>&#8220;<\/strong><\/h2>\n<h2><\/h2>\n<h2 style=\"text-align: center;\"><strong>Eleito a 1 (uma) vaga destinada aos Ativos:<\/strong><\/h2>\n<h3 style=\"text-align: center;\"><span data-olk-copy-source=\"MessageBody\">Jos\u00e9 Ricardo de Oliveira Lessa<\/span><\/h3>\n<h2 style=\"text-align: center;\"><strong>Eleito a 1 (uma) vaga destinada aos Aposentados:<\/strong><\/h2>\n<h3 style=\"text-align: center;\"><span data-olk-copy-source=\"MessageBody\">Eduardo Luiz Silveira de Freitas<\/span><\/h3>\n<h1 style=\"text-align: center;\"><\/h1>\n<h2 style=\"text-align: center;\"><strong>&#8220;<span data-olk-copy-source=\"MessageBody\">Regimento Interno da Niter\u00f3i Prev &#8211; Resolu\u00e7\u00e3o n\u00ba 001\/NITPREV\/2025 &#8211; Representante do Poder Executivo<\/span>&#8220;<\/strong><\/h2>\n<h3 style=\"text-align: center;\">Rodrigo Carvalho Ferreira<\/h3>\n<h2 style=\"text-align: center;\"><strong>&#8220;<span data-olk-copy-source=\"MessageBody\">Regimento Interno da Niter\u00f3i Prev &#8211; Resolu\u00e7\u00e3o n\u00ba 001\/NITPREV\/2025 &#8211; Representante do Poder Legislativo<\/span>&#8220;<\/strong><\/h2>\n<h3 style=\"text-align: center;\">Joeny Ferreira de Almeida<\/h3>\n<p><img loading=\"lazy\" decoding=\"async\" class=\"aligncenter wp-image-5960 size-large lazyload\" data-src=\"https:\/\/niteroiprev.niteroi.rj.gov.br\/wp-content\/uploads\/2026\/02\/Calendario-conselho-fiscal.jpg\" alt=\"\" width=\"713\" height=\"891\" src=\"data:image\/gif;base64,R0lGODlhAQABAAAAACH5BAEKAAEALAAAAAABAAEAAAICTAEAOw==\" style=\"--smush-placeholder-width: 713px; --smush-placeholder-aspect-ratio: 713\/891;\" \/><noscript><img loading=\"lazy\" decoding=\"async\" class=\"aligncenter wp-image-5960 size-large\" src=\"https:\/\/niteroiprev.niteroi.rj.gov.br\/wp-content\/uploads\/2026\/02\/Calendario-conselho-fiscal.jpg\" alt=\"\" width=\"713\" height=\"891\" \/><\/noscript><\/p>\n","protected":false},"excerpt":{"rendered":"<p>Conselho Fiscal &#8220;Bi\u00eanio 2026\/2027 \u2013 Portaria n\u00ba 4081\/2025&#8220; Eleito a [&hellip;]<\/p>\n","protected":false},"author":1,"featured_media":0,"parent":0,"menu_order":0,"comment_status":"closed","ping_status":"closed","template":"","meta":{"_acf_changed":false,"footnotes":""},"class_list":["post-442","page","type-page","status-publish","hentry"],"acf":[],"_links":{"self":[{"href":"https:\/\/niteroiprev.niteroi.rj.gov.br\/index.php?rest_route=\/wp\/v2\/pages\/442","targetHints":{"allow":["GET"]}}],"collection":[{"href":"https:\/\/niteroiprev.niteroi.rj.gov.br\/index.php?rest_route=\/wp\/v2\/pages"}],"about":[{"href":"https:\/\/niteroiprev.niteroi.rj.gov.br\/index.php?rest_route=\/wp\/v2\/types\/page"}],"author":[{"embeddable":true,"href":"https:\/\/niteroiprev.niteroi.rj.gov.br\/index.php?rest_route=\/wp\/v2\/users\/1"}],"replies":[{"embeddable":true,"href":"https:\/\/niteroiprev.niteroi.rj.gov.br\/index.php?rest_route=%2Fwp%2Fv2%2Fcomments&post=442"}],"version-history":[{"count":18,"href":"https:\/\/niteroiprev.niteroi.rj.gov.br\/index.php?rest_route=\/wp\/v2\/pages\/442\/revisions"}],"predecessor-version":[{"id":7018,"href":"https:\/\/niteroiprev.niteroi.rj.gov.br\/index.php?rest_route=\/wp\/v2\/pages\/442\/revisions\/7018"}],"wp:attachment":[{"href":"https:\/\/niteroiprev.niteroi.rj.gov.br\/index.php?rest_route=%2Fwp%2Fv2%2Fmedia&parent=442"}],"curies":[{"name":"wp","href":"https:\/\/api.w.org\/{rel}","templated":true}]}}

<p><div  class="fusion-fullwidth fullwidth-box nonhundred-percent-fullwidth"  style='background-color: rgba(255,255,255,0);background-position: center center;background-repeat: no-repeat;padding-top:0px;padding-right:0px;padding-bottom:0px;padding-left:0px;margin-top: 40px;'></div><div class="fusion-builder-row fusion-row "></div><div  class="fusion-layout-column fusion_builder_column fusion_builder_column_1_1  fusion-one-full fusion-column-first fusion-column-last 1_1"  style='margin-top:0px;margin-bottom:20px;'>
					<div class="fusion-column-wrapper" style="background-position:left top;background-repeat:no-repeat;-webkit-background-size:cover;-moz-background-size:cover;-o-background-size:cover;background-size:cover;"  data-bg-url="">
						<div class="fusion-clearfix"></div>

					</div>
				</div><div class="fusion-title title fusion-sep-none fusion-title-center fusion-title-size-one" style="margin-top:0px;margin-bottom:31px;"><h1 class="title-heading-center"></h1></div></p>
<h1 style="text-align: center;"><strong>Conselho Fiscal</strong></h1>
<h2 style="text-align: center;"><strong>&#8220;<span data-olk-copy-source="MessageBody">Biênio 2026/2027 – Portaria nº 4081/2025</span>&#8220;</strong></h2>
<h2></h2>
<h2 style="text-align: center;"><strong>Eleito a 1 (uma) vaga destinada aos Ativos:</strong></h2>
<h3 style="text-align: center;"><span data-olk-copy-source="MessageBody">José Ricardo de Oliveira Lessa</span></h3>
<h2 style="text-align: center;"><strong>Eleito a 1 (uma) vaga destinada aos Aposentados:</strong></h2>
<h3 style="text-align: center;"><span data-olk-copy-source="MessageBody">Eduardo Luiz Silveira de Freitas</span></h3>
<h1 style="text-align: center;"></h1>
<h2 style="text-align: center;"><strong>&#8220;<span data-olk-copy-source="MessageBody">Regimento Interno da Niterói Prev &#8211; Resolução nº 001/NITPREV/2025 &#8211; Representante do Poder Executivo</span>&#8220;</strong></h2>
<h3 style="text-align: center;">Rodrigo Carvalho Ferreira</h3>
<h2 style="text-align: center;"><strong>&#8220;<span data-olk-copy-source="MessageBody">Regimento Interno da Niterói Prev &#8211; Resolução nº 001/NITPREV/2025 &#8211; Representante do Poder Legislativo</span>&#8220;</strong></h2>
<h3 style="text-align: center;">Joeny Ferreira de Almeida</h3>
<p><img loading="lazy" decoding="async" class="aligncenter wp-image-5960 size-large lazyload" data-src="https://niteroiprev.niteroi.rj.gov.br/wp-content/uploads/2026/02/Calendario-conselho-fiscal.jpg" alt="" width="713" height="891" src="data:image/gif;base64,R0lGODlhAQABAAAAACH5BAEKAAEALAAAAAABAAEAAAICTAEAOw==" style="--smush-placeholder-width: 713px; --smush-placeholder-aspect-ratio: 713/891;" /><noscript><img loading="lazy" decoding="async" class="aligncenter wp-image-5960 size-large" src="https://niteroiprev.niteroi.rj.gov.br/wp-content/uploads/2026/02/Calendario-conselho-fiscal.jpg" alt="" width="713" height="891" /></noscript></p>

<p>Conselho Fiscal &#8220;Biênio 2026/2027 – Portaria nº 4081/2025&#8220; Eleito a [&hellip;]</p>
